) = k**3 + k**3 + 17*k**2 - 9*k**2 - 8 - k**3 + 7*k. Let w = -51 + 57. Is x(w) prime?
False
Let o = -531 - -544. Is (-42754)/10*((-72)/(-9) - o) prime?
True
Let f(s) = 86260*s**2 - 9*s + 9. Let q be f(1). Suppose -12*o + 293456 + q = 0. Is o prime?
True
Suppose -805*i = -815*i + 318290. Is i a prime number?
False
Let i = 5491 + -17537. Let y = i - -16977. Is y a prime number?
True
Is ((27044 - -3) + -3)/2 composite?
True
Let n(z) = 6497*z**2 + 29*z - 79. Is n(-6) prime?
False
Suppose 5237150 = -9*b + 26*b + 33*b. Is b prime?
True
Let q(v) be the third derivative of -161*v**4/12 - 53*v**3/6 - 138*v**2. Is q(-3) a prime number?
False
Suppose 75*u + 6446505 = 270*u. Is u prime?
False
Let s(f) = 95571*f - 2267. Is s(10) prime?
True
Suppose 0*f = -3*p - f + 404187, -5*p + f + 673653 = 0. Is p/45*(-1)/(-3) a prime number?
False
Let i be 78/(-351) - (-2902)/18. Suppose 155*m = i*m - 35130. Is m prime?
False
Let u be -3*21/9 + 9. Suppose q = -u*o + 8879, 0 = -o + 3*q - 197 + 4647. Is o composite?
False
Let a(q) = -q**2 + 9*q + 13. Let f be a(10). Let t be (-2)/14 + 54/(-63). Is 1/(t/f) - -392 a composite number?
False
Suppose -634*d = -62575734 + 6312672. Is d composite?
True
Let h = -14 + 38. Suppose 0 = -26*i + h*i + 726. Let l = i + -46. Is l composite?
False
Let s(g) = 99*g**2 - 61*g - 147. Is s(-16) a prime number?
False
Let a = 782 - 779. Suppose 5*y = -2*q + 180137, a*y - 6*q + 9*q = 108075. Is y a composite number?
True
Let s(q) = 76*q**3 + 31*q + 1. Let k be s(-7). Let z = k - -66329. Is z a prime number?
False
Let x(c) = -c**3 + 38*c**2 - 4*c + 151. Let q be x(38). Is ((-2)/q)/(-4)*3065990/(-79) composite?
True
Let z = 12904 - 8759. Suppose z = 12*s - 1027. Is s a composite number?
False
Let d be (-14385)/2*16*(-3)/30. Is ((-6)/(-8))/(21/d) a composite number?
True
Suppose 868*k - 859*k = -553392. Is (1 - 2) + 41/((-574)/k) composite?
False
Suppose 36*w - 542 = 38*w. Let d = w - -1422. Is d a prime number?
True
Let q(m) = -4*m**2 + 50*m**3 - 1 + m + 2 + 3*m. Let c(i) = -4*i**2 + 50*i + 29. Let w be c(13). Is q(w) a prime number?
True
Let d(u) = -20059*u + 355. Is d(-6) a composite number?
False
Let j be ((-16)/4)/28 + 6904/14. Let r = j + 90. Is r composite?
True
Let k = 21802 + -12713. Is k prime?
False
Suppose -29*y - 34099 + 11237 = -173343. Is y a prime number?
True
Let v(k) = -29*k - 6. Let w(q) = 2*q + 4. Suppose 2*i = 2*y + 10, -3*y + i + 0*i - 17 = 0. Let j be w(y). Is v(j) prime?
False
Let p be -398 - (4 + -3 + 3). Let d be (p + -2)/((-1)/6). Suppose -7*f = f - d. Is f composite?
True
Suppose -4*h = 1809 + 335. Is -9*(h/12 - 5) prime?
False
Let q = 29 - -21. Is (-10)/q - (-8006)/5 prime?
True
Suppose 56*m - 6952 - 18425 = 23*m. Is m composite?
False
Let h = 63 - 98. Let z = h - -35. Suppose 3*x - 378 + 21 = z. Is x prime?
False
Let h(l) = -l**3 - 29*l**2 + 30*l + 4. Let m be h(-30). Is 17226/4 - ((-6)/m - -1) a composite number?
True
Suppose -25 = 4*b - 33. Suppose -k - y + 2464 = 0, 3*k - b*y - 7407 = -0*k. Is k a composite number?
False
Suppose 0 = -32*v + 37*v + 5. Let z be (0/(-4)*v)/1. Suppose -y = s - 522, z = -y + 5*y + 5*s - 2089. Is y composite?
False
Let t(c) = -328*c - 157. Let o be (-24)/(-128)*28*-4. Is t(o) a composite number?
True
Suppose -214*x = -3*i - 219*x + 15707, -3*i - x = -15703. Is i composite?
True
Let o be (-104)/(-12)*219 - 6. Let x = 3207 - o. Is x a composite number?
True
Let t(z) = -z**2 + 4*z + 9. Let f(q) = q**2 - 13*q + 4. Let x be f(13). Let j be t(x). Suppose 0 = n - 3*w - 207, -n + 208 = -5*w + j. Is n a composite number?
True
Suppose 0 = -3*m - 3*n - 6, m + n + 10 = 4*m. Suppose -2*c = -2*b - m*b - 66, -2*c - 18 = 2*b. Is ((-12)/b)/(14/49) a composite number?
False
Let t(b) = -1037*b + 97. Let v be t(-21). Suppose -3*o - z = -v + 3742, -5*o - 2*z + 30221 = 0. Is o composite?
False
Suppose -9*c = -360714 - 152862 + 5553. Is c a prime number?
False
Suppose 16542721 = 43*l + 47*l + 4182211. Is l a composite number?
False
Let h(c) = -2*c**2 + 25*c - 25. Let m be h(19). Let s be m/(-51) + (-1)/3. Suppose -16*o = -s*o - 2453. Is o composite?
False
Let f be 27*(0 - 3 - -4). Let z be 90/f + 4/6. Suppose -z*t = -0*t - 8804. Is t a prime number?
False
Suppose 35*n - 29*n = 29832. Let z = n - 2819. Is z a composite number?
False
Let q(h) = 50*h**3 - 47*h**2 + 75*h + 1. Is q(14) a prime number?
False
Let m = 93582 - 45629. Is m a composite number?
True
Let y = 8 + -26. Let f = -13 - y. Suppose 4*l + 2*b + 1265 = 3793, 4*l - f*b = 2514. Is l composite?
False
Let s(u) = u**3 - 4*u**2 + 18*u + 39. Suppose -15*v + 14*v = 0, -4*p + v + 56 = 0. Is s(p) prime?
True
Suppose 5*b + 5*t = 7374145 + 512095, 3*b - 2*t - 4731719 = 0. Is b a prime number?
False
Suppose -m - 4*k - 204 = 0, 7*k = 4*m + 3*k + 796. Let v = m - -313. Is v a composite number?
False
Let g = 48475 - -5652. Is g a composite number?
True
Let o(y) = -872*y**3 - 3*y**2 - 4*y - 2. Suppose 3*x + 83 = -43. Let w = x + 41. Is o(w) composite?
True
Let f(c) = c**3 - 32*c**2 + 617*c + 289. Is f(52) composite?
False
Let k(n) = -15*n**3 + n**2 + 12*n + 33. Suppose -19*v + 2*p = -16*v + 26, -3*v = -3*p + 24. Is k(v) prime?
True
Let c = 24672 + -13149. Let y = c - 6902. Is y a prime number?
True
Is ((-1)/2)/(6/4)*-69033 prime?
True
Let a = -17862 + 53489. Is a composite?
True
Let f = 200 + -195. Is ((-633450)/(-42))/f - 8/(-14) a composite number?
True
Let d = 571 + -356. Suppose -209*p + d*p - 84126 = 0. Is p prime?
False
Let k = 9 + -13. Let u be 7/((-245)/(-8355)) + k/(-14). Let p = 396 - u. Is p composite?
False
Suppose 9 = -6*o + 15. Is -6 - (-51342)/(o + 5) a prime number?
False
Is (65/2 + -2)/((-13)/(-4498)) a composite number?
True
Let r(t) = 5849*t**3 + 2*t**2 - 4*t + 3. Let i be r(1). Suppose -3*b - i = -3*c, -b = 2*c - 6*b - 3903. Is c composite?
False
Suppose 5*f - 20 = -4*m + 3*m, 3*f = 3*m - 6. Suppose 108 - 1194 = f*d. Let w = d - -1061. Is w composite?
True
Is -74434*(-7 + 119/14)/(-3) prime?
True
Let k(v) = -v**3 - 10*v**2 - 7*v + 16. Suppose 0*j + 2*o - 15 = j, 3*o + 9 = -2*j. Let n be k(j). Let u(t) = 384*t**2 + t + 1. Is u(n) a composite number?
True
Let t(u) = -u**2 + 14*u + 24. Let p be t(12). Let a be (183/6)/((12/3)/p). Suppose -2*m + 2*k = -a, 4*m - 2*k = 465 + 257. Is m composite?
True
Suppose 26*n - 22*n - 629544 = -20*n. Is n a composite number?
True
Suppose 12*n = 24*n - 8112. Suppose -n + 128 = -2*m. Is m composite?
True
Let t(c) = c**2 - 14*c + 27. Let k be t(12). Suppose -k*h = -h. Suppose h = -d - 1205 + 3726. Is d composite?
False
Suppose 3*u + 4*z - 126 = -0*z, 42 = u + 4*z. Suppose u - 18 = 6*x. Suppose 5*b + c - 6289 = -2*c, b = x*c + 1267. Is b a prime number?
True
Suppose 11*p - 553029 - 45536 = 0. Suppose 639*w - p = 634*w. Is w composite?
False
Suppose -5*f - 300 = -5*o - 0*f, -3*f = 3*o - 168. Let b = o - 54. Suppose b*t = 119 + 77. Is t composite?
True
Is (-5)/2*-117784 + -57 + 51 a composite number?
True
Let g(j) = 8*j**3 - 3*j**2 - 5*j - 11. Let d be g(20). Suppose -4*a + 77248 = -4*z, -z - d = -5*a + 33883. Is a a prime number?
False
Suppose 12033 = 3*i - j + 1302, 0 = -i - 3*j + 3597. Let w = 18788 + -5622. Let u = w - i. Is u a prime number?
True
Suppose 67273 = -4*k + 16993. Let w = -4589 - k. Is w a composite number?
True
Let g = 124198 + 11163. Is g prime?
False
Let r(n) be the third derivative of 19*n**4/8 + 5*n**3/3 - n**2 - 31. Is r(8) a prime number?
False
Let x(t) = -485*t - 1461. Is x(-16) a prime number?
True
Let t = -21 - -27. Suppose t*g - 257 = 1549. Suppose d - g = 3358. Is d prime?
True
Let b = -520828 + 748547. Is b a composite number?
False
Let r be 2/(-3*(-2)/(-12)) - -6. Suppose -r*t = 1 - 5. Suppose 0 = 4*k - f - 13439, -4*k + t*f = -262 - 13180. Is k a prime number?
True
Suppose 0*s + 2*s - 6 = 0. Suppose 113*h - 208 = -i + 109*h, 2*i - 2*h - 416 = 0. Suppose s*q + 2*d - 1923 = -i, -571 = -q - d. Is q prime?
False
Suppose 55*u - 11*u - 31152 = 0. Suppose 5*r - 384 = -2059. Let i = u + r. Is i composite?
False
Suppose 5*m - 11*a = -5*a + 285715, -2*a = 2*m - 114308. Is m prime?
True
Suppose -3*q - j + 10 = 0, -8 = -2*q - j - 0*j. Suppose 3*z = 2*l + 94409, q*z + 2*l - 3*l - 62939 = 0. Is z a prime number?
True
Let z(v) = 340*v**2 - 3*v + 8. Let h(q) = -2*q**2 - q + 1. Let x(m) = -5*h(m) + z